01 composite?
True
Is 64523447 a composite number?
True
Is 4088801 prime?
True
Is 1117793 a composite number?
False
Is 106923907 a composite number?
False
Is 5934589 a prime number?
False
Is 65110517 composite?
False
Is 12714641 prime?
False
Is 6409747 composite?
False
Is 4351967 a prime number?
True
Is 13221821 composite?
False
Is 2982427 a composite number?
True
Is 3998609 prime?
True
Is 430880369 a composite number?
False
Is 36755813 a prime number?
True
Is 11451797 prime?
False
Is 32505347 a prime number?
False
Is 8908817 composite?
False
Is 171213297 a prime number?
False
Is 1131091319 composite?
False
Is 28450523 composite?
False
Is 36432379 a prime number?
False
Is 314089003 a prime number?
True
Is 11570807 prime?
False
Is 773319961 prime?
False
Is 1135658 prime?
False
Is 23967533 a composite number?
True
Is 330720851 composite?
False
Is 144330755 composite?
True
Is 53203763 a composite number?
False
Is 4483243 a composite number?
True
Is 6458462 a prime number?
False
Is 9828961 a composite number?
False
Is 14009071 a composite number?
True
Is 246646 composite?
True
Is 5096903 composite?
True
Is 14121989 a prime number?
False
Is 62146303 prime?
True
Is 6490769 a composite number?
False
Is 34559801 a composite number?
False
Is 2843047 a composite number?
True
Is 923789 composite?
False
Is 11220843 composite?
True
Is 3486635 a composite number?
True
Is 2016695 composite?
True
Is 2555247 composite?
True
Is 2015569 prime?
False
Is 805843 a prime number?
True
Is 24719591 a prime number?
False
Is 464526509 a composite number?
False
Is 1679599 a composite number?
False
Is 63906877 prime?
False
Is 195534505 a prime number?
False
Is 10423289 prime?
False
Is 5347591 a prime number?
True
Is 1971577 a composite number?
False
Is 2420918 prime?
False
Is 176278477 a prime number?
False
Is 65664127 a composite number?
False
Is 226843 composite?
False
Is 33948871 a composite number?
True
Is 65280749 composite?
False
Is 34243739 a composite number?
True
Is 670097 composite?
False
Is 22674563 prime?
True
Is 1956257 composite?
False
Is 8449877 prime?
True
Is 20468053 a prime number?
True
Is 42471649 prime?
False
Is 11284241 prime?
True
Is 385933193 a composite number?
True
Is 67121 a composite number?
False
Is 28519291 a prime number?
False
Is 31747303 prime?
False
Is 4587983 a composite number?
True
Is 52594667 prime?
True
Is 19827533 a composite number?
True
Is 59016571 a prime number?
False
Is 2061341 a composite number?
False
Is 116466937 a composite number?
True
Is 54581183 prime?
True
Is 9480706 prime?
False
Is 5744373 a composite number?
True
Is 117415471 composite?
False
Is 1123134941 a composite number?
False
Is 262133689 a composite number?
False
Is 1245067 a composite number?
False
Is 54220783 a prime number?
False
Is 152471771 a prime number?
True
Is 26101139 a prime number?
True
Is 246147515 prime?
False
Is 1113083 composite?
False
Is 171771323 a prime number?
False
Is 2353333 a composite number?
True
Is 395491157 a composite number?
False
Is 19053169 prime?
False
Is 98938793 a prime number?
False
Is 15950677 a composite number?
False
Is 8309339 a composite number?
False
Is 68847353 composite?
True
Is 2573657 prime?
True
Is 27485203 a composite number?
False
Is 688181563 a composite number?
False
Is 1537099 composite?
False
Is 1194241 a composite number?
False
Is 636791 a composite number?
True
Is 2458747 a prime number?
True
Is 46072031 composite?
True
Is 777541 prime?
True
Is 215644451 a composite number?
True
Is 165811193 prime?
False
Is 41011 prime?
True
Is 21940379 composite?
True
Is 30219767 prime?
True
Is 30949777 composite?
False
Is 741194357 a prime number?
False
Is 11221787 a prime number?
False
Is 5481953 a composite number?
True
Is 13937861 a prime number?
False
Is 14155439 a composite number?
False
Is 225439 a prime number?
False
Is 5772953 prime?
True
Is 4799369 a composite number?
False
Is 861742653 prime?
False
Is 56211863 prime?
True
Is 61447699 composite?
False
Is 15172606 a composite number?
True
Is 3681461 a composite number?
True
Is 23942878 a prime number?
False
Is 6188099 composite?
True
Is 3584803 a prime number?
False
Is 2603719 composite?
False
Is 83267018 a prime number?
False
Is 31471439 a composite number?
False
Is 199349777 prime?
False
Is 44439739 a composite number?
False
Is 250038203 a composite number?
True
Is 12732451 prime?
False
Is 222826831 prime?
True
Is 24947833 composite?
True
Is 62157829 a prime number?
False
Is 45756059 a prime number?
False
Is 250774 composite?
True
Is 1910143 composite?
True
Is 6222829 composite?
False
Is 12090161 prime?
False
Is 107904785 composite?
True
Is 433957 composite?
True
Is 85770785 a composite number?
True
Is 341269 composite?
False
Is 5410439 prime?
True
Is 18327223 a composite number?
False
Is 307969 a prime number?
True
Is 7930151 composite?
False
Is 3761889 composite?
True
Is 3818803 a prime number?
True
Is 11911957 a composite number?
True
Is 1462001 a composite number?
False
Is 630544009 a prime number?
True
Is 5741103 prime?
False
Is 7961153 composite?
True
Is 359561 a prime number?
True
Is 53206229 a prime number?
True
Is 176674429 a composite number?
False
Is 107127089 a composite number?
False
Is 22149353 a prime number?
True
Is 1659257 a composite number?
True
Is 19703737 a prime number?
True
Is 223866309 a prime number?
False
Is 577368299 a composite number?
False
Is 2142617 prime?
False
Is 493239 prime?
False
Is 120270259 composite?
True
Is 8173723 a composite number?
True
Is 207398327 a prime number?
True
Is 15180857 composite?
False
Is 355045433 a prime number?
False
Is 30070723 composite?
False
Is 317745349 a composite number?
True
Is 23896083 a composite number?
True
Is 49498931 composite?
True
Is 578461 composite?
True
Is 5354273 composite?
True
Is 716137 a prime number?
True
Is 26294327 composite?
False
Is 879080867 prime?
False
Is 48080887 composite?
True
Is 21824663 composite?
True
Is 9728587 a composite number?
True
Is 33129077 composite?
True
Is 118830511 prime?
False
Is 1684091 a prime number?
True
Is 218322523 composite?
False
Is 598537 a composite number?
False
Is 9468453 a composite number?
True
Is 964571 prime?
True
Is 20145613 a prime number?
True
Is 352685093 a prime number?
False
Is 21935119 a prime number?
True
Is 238459069 composite?
False
Is 322577483 a prime number?
True
Is 3948737 composite?
True
Is 80561 a composite number?
True
Is 16701187 a composite number?
True
Is 2018761 a composite number?
False
Is 46533841 prime?
False
Is 3231629 a prime number?
False
Is 354569 a composite number?
True
Is 55143961 prime?
True
Is 113170139 a composite number?
True
Is 61473107 composite?
False
Is 703439 prime?
False
Is 256016053 a prime number?
True
Is 1177933 composite?
False
Is 21554033 a prime number?
True
Is 75350427 a composite number?
True
Is 439046 a prime number?
False
Is 6646186 a prime number?
False
Is 121117937 a composite number?
False
Is 1398659 a prime number?
True
Is 44384153 a prime number?
False
Is 597811 prime?
False
Is 52860961 a composite number?
False
Is 2778421 composite?
False
Is 12339377 composite?
False
Is 29322829 composite?
False
Is 171331847 a prime number?
False
Is 1527497 a prime number?
True
Is 156354959 a composite number?
False
Is 195100349 prime?
True
Is 53013733 composite?
False
Is 52547903 prime?
True
Is 71608861 composite?
False
Is 2915027 composite?
False
Is 6870089 a prime number?
True
Is 527143 prime?
True
Is 16255489 composite?
True
Is 2510279 prime?
True
Is 9848279 composite?
True
Is 469460653 prime?
False
Is 177515467 a composite number?
True
Is 12308291 composite?
True
Is 87003799 a prime number?
False
Is 10108379 prime?
True
Is 29767033 prime?
True
Is 158713 prime?
False
Is 2172937 prime?
False
Is 1099247 a composite number?
False
Is 8439947 composite?
False
Is 54080687 prime?
True
Is 23773219 a composite number?
True
Is 14377567 composite?
False
Is 11225687 composite?
True
Is 3777539 a prime number?
True
Is 74453317 a composite number?
True
Is 91620143 a prime number?
False
Is 285302645 composite?
True
Is 44172661 a composite number?
True
Is 3716969 a composite number?
False
Is 16016017 a composite number?
True
Is 21104593 a composite number?
True
Is 10498339 a composite number?
False
Is 25346791 